 - v. What is the greatest common factor of 10 and g?
10
Suppose -447 = 28*o - 40*o + 753. What is the greatest common divisor of 3680 and o?
20
Let z(m) = m**2 + 16*m - 12. Let u be z(-13). Let c = 3 - u. Calculate the highest common factor of 2 and c.
2
Let h(v) = 3*v + 306. Let o be h(10). What is the highest common factor of 204 and o?
12
Let q(t) = 18*t**2 + 372*t - 7. Let n be q(-25). What is the highest common factor of n and 268?
67
Let u be 3*-4*(-2)/6. Let h be ((-64)/u)/(-4)*9/2. Suppose 0 = -5*w - 2*z + 45, w + w - h = 5*z. What is the greatest common divisor of w and 54?
9
Let t = 110 - 96. Let j be 2010/t - 132/(-308). What is the highest common factor of j and 240?
48
Let n = 19324 - 19374. Let q(k) = -2*k**3 - 2*k**2 + 2*k + 2. Let m be q(-2). Let x = m - n. Calculate the highest common factor of x and 168.
56
Let r be (-48)/(-5) + (-28)/(1540/33). What is the greatest common divisor of 99 and r?
9
Let a(c) = -10*c - 5. Let w be a(-5). Suppose 72 = 9*v - w. Suppose j + 84 + 99 = 2*h, 89 = h + 2*j. Calculate the greatest common factor of h and v.
13
Suppose -5*i - 863 = -5*o + 3*o, -2*i = 5*o - 2056. What is the highest common divisor of 2622 and o?
138
Suppose 50 + 25 = 5*f. Suppose 17*p - f*p = 150. Let h(s) = 2*s**2 - 127*s - 39. Let m be h(64). What is the greatest common factor of m and p?
25
Suppose 2*b - 52 = -2*b. Suppose -2*m = -z - 11, -6*m - 10 + 49 = -5*z. Suppose -33 + b = -m*c. What is the greatest common divisor of 2 and c?
1
Let j be (-153664)/(-72) - 12/54. Calculate the greatest common divisor of 22 and j.
22
Suppose 3*g + 160 - 121 = 0. Let k = 25 + g. Let a be (-15)/(-9)*k/2. Calculate the greatest common factor of 60 and a.
10
Suppose 56 = -8*d + 22*d. Suppose 0 = d*g - 34 - 158. What is the highest common factor of g and 408?
24
Let h = 40 + -29. Let d(l) = -l + 23. Let v be d(-11). Let y = 100 - v. Calculate the greatest common factor of h and y.
11
Let u(z) = 5*z - 2. Let w be u(2). Suppose 16*p = -20*p + 72. Suppose 5*r - 16 = -f, 27 = -p*f + 5*r + 14. What is the greatest common divisor of f and w?
1
Let d be (-10)/6 + 1 - 2162/(-3). Let n(t) = 10*t - 54. Let r be n(7). What is the highest common factor of d and r?
16
Suppose 0 = -2*i - 2*l + 32, -4*i + 3*l = -l - 80. Let m = -2643 + 3921. What is the highest common factor of i and m?
18
Let x be (440/6)/(20/30). Let d(w) = w**2 - 11*w + 2. Let b be d(14). What is the greatest common factor of b and x?
22
Let b be 21/(-14) - (-77)/14. Let v be (2 + 1 - b) + 92 - 3. Calculate the greatest common divisor of v and 572.
44
Let f(h) = -3*h**3 - 28*h**2 + 19*h + 15. Let q(t) = -t**3 - 3*t**2 + 24*t + 6. Let u be q(4). Let v be f(u). What is the greatest common divisor of v and 425?
25
Suppose 2*x - 10 = -5*s, 2*s + 0 = x + 4. Suppose 138*a - 125*a + 156 = 0. Let n be (16/a)/(24/(-180)). What is the greatest common divisor of n and s?
2
Let i be (-51)/(-9) - 5 - (-5955)/45. Let a = -20 + 96. What is the greatest common factor of i and a?
19
Let f(i) = 38*i**3 - i + 2. Let h be f(1). Let o = -29 + h. Let k(q) = 3*q - 10. Let g be k(o). Calculate the greatest common factor of 100 and g.
20
Let s be (1 + 11)/(6/8 - (-34)/136). What is the greatest common divisor of s and 11724?
12
Let d = 697 - 754. Let n be (-1)/(5 + 60/d - 4). Calculate the greatest common factor of n and 76.
19
Let g = 9042 + -8666. What is the highest common factor of g and 76?
4
Let o(r) = -1573*r - 3066. Let p be o(-2). Let c be (-32)/5*-5*1. Calculate the greatest common factor of p and c.
16
Let w = 10041 - 586. What is the highest common divisor of 310 and w?
155
Suppose 14*t = 9237 + 6821. Suppose t - 179 = 22*y. Let k be (4/6)/(1/594). Calculate the highest common factor of y and k.
44
Let o(n) = -5*n - 6. Let j be (-1 + 2)/(10/(-40)). Let k be o(j). Let z be ((-120)/(-84))/(2/k). Calculate the highest common factor of z and 50.
10
Suppose 9 = 3*f - 3. Suppose 5*t = -3*p + 135, -5*t + 0*t = -f*p - 100. Let a(j) = -3*j + 89. Let l be a(27). What is the greatest common divisor of l and t?
8
Let l be 14/((-192)/(-405) + 46/(-115)). Calculate the highest common factor of l and 196.
7
Let a be ((-3)/(-6))/((63/9)/20412). Calculate the greatest common divisor of 6 and a.
6
Suppose 2*x = -x + 240. Suppose -1318*l = -332*l - 9860. Calculate the greatest common divisor of x and l.
10
Let h(n) = 8*n - 13 + 117 - 8. Let q be h(-8). Calculate the greatest common divisor of 40 and q.
8
Suppose 0 = -42*q + 15*q + 81. Suppose 2*o + y + q*y - 24 = 0, 0 = 3*o + 3*y - 45. Calculate the highest common factor of o and 162.
18
Suppose 2*i = 3*w + 1382, -5*w = -4*w + 3*i + 446. Let d be (-1)/4 - (-5 - w/(-8)). Calculate the greatest common factor of 4 and d.
2
Suppose -2*i = 3*k - 816, -30*k + 1252 = 3*i - 29*k. What is the greatest common factor of 1920 and i?
60
Let z(m) = -2*m**2 + 166*m + 1. Let q be z(0). Suppose -h + 59 = 12. What is the greatest common factor of h and q?
1
Let c(z) = z**3 + 6*z**2 + 6*z + 8. Let f be c(-6). Let r(s) = -17*s - 176. Let u be r(f). Calculate the greatest common divisor of u and 30.
30
Let v be -2 + 806 - (0/8)/3. Calculate the greatest common factor of v and 60.
12
Let y be 33/(-7) + 6/(-21). Let k(v) = 18 - 9*v + 7*v**2 - 8*v**2 - 8. Let a be k(y). What is the greatest common divisor of a and 40?
10
Let g be 290 + 1 - (215 - 228). What is the greatest common divisor of 72 and g?
8
Let c = -301 - -310. Let r be 12*9/2*12/9. Calculate the highest common divisor of r and c.
9
Suppose -3*t + 2*t + 35 = -3*b, 3 = b. Let n be 16 - (-45 - -9 - (-63)/(-21)). Calculate the greatest common divisor of t and n.
11
Let s be 3100 + -1 + 24/(4 + 2). What is the greatest common divisor of 107 and s?
107
Suppose 2 + 3 = -u, 0 = -4*o + 2*u + 11834. Calculate the highest common factor of o and 4.
4
Suppose -17*m - 26 = -77. What is the highest common divisor of m and 2?
1
Suppose -4*r + 4 = -0, -2*r - 2074 = -3*c. Let f = c + -677. What is the greatest common factor of 285 and f?
15
Suppose 192 = -3*x + 5*x + 3*j, j + 96 = x. Let b be (39/(-4))/((-36)/x). Let v be 352/(-112)*(-1 + -90) - 0/2. What is the greatest common divisor of b and v?
26
Let q(j) = -2*j**2 + 11*j + 25. Let l be q(7). Suppose 3*m - 2*n = -2*m + 7223, -m + l*n = -1459. Calculate the highest common divisor of 39 and m.
39
Let h(q) = 2*q**2 + 126*q - 2064. Let k be h(81). What is the highest common divisor of k and 48?
48
Let a = -6 + -8. Suppose -5*o + 4*o + 59 = -5*c, 407 = 5*o + 3*c. Let w = a + o. Calculate the greatest common divisor of 26 and w.
13
Let y be (-2310)/(-35) - (1 - (-2 - 0)). Let t = -63 + y. Suppose t*d - 2*d - 2*p + 40 = 0, -d - 2*p + 21 = 0. What is the greatest common divisor of d and 152?
19
Suppose -3*g + 65 = 20. Let m = g - -37. What is the greatest common factor of m and 52?
52
Suppose -7*q = 36*q - 2155 - 4897. Calculate the greatest common factor of 4387 and q.
41
Suppose h + 3*j - 26 = 0, -65 = 9*h - 13*h + j. Suppose h*l + 2088 = 46*l. What is the highest common factor of 126 and l?
18
Let t = -87 - -67. Let x be 3 - (t/(-6) - (-3)/(-9)). Suppose x = -2*k - 23 + 61. Calculate the greatest common divisor of k and 19.
19
Suppose -4*u = a - 4, -a + 4*u = 3*a + 4. Suppose -m + 15 + 7 = a. Let f = 131088 + -131033. Calculate the greatest common divisor of f and m.
11
Suppose 0 = -10*o + 72545 + 207245. Calculate the greatest common factor of 49 and o.
49
Suppose -5*b - 3*p + 5247 = 0, -712*p + 5255 = 5*b - 717*p. Calculate the highest common divisor of 1800 and b.
150
Suppose t - 4 = -2*d - 0*d, d - 2*t - 12 = 0. Suppose -p = 4*w - 22, 2*w + d*p - 10 = -6. Calculate the highest common divisor of w and 2.
2
Suppose 0 = h - 4*o - 106, 0 = 81*h - 79*h + 2*o - 202. Calculate the greatest common factor of 162 and h.
6
Let g(w) be the third derivative of w**5/6 - w**4/24 - w**3/3 - 3*w**2. Let j be g(2). Let k = 6648 + -6324. What is the greatest common divisor of j and k?
36
Suppose 20*z - 25 = 15*z. Suppose 5*n - 92 = -5*i + 68, -z*n + 164 = i. Calculate the greatest common factor of 121 and n.
11
Let b be 1642/14 + -8 + (-12)/(-7) + 6. What is the greatest common divisor of 9243 and b?
117
Suppose 6666 = g + 4*g + 6*g. What is the greatest common divisor of g and 78?
6
Suppose 0 = 9*r - 2*r 